se 10) to base 8.
2
What is -b (base 15) in base 12?
-b
-524 (base 6) to base 11
-169
500 (base 6) to base 9
220
12112 (base 3) to base 8
225
-1 (base 10) to base 3
-1
What is 1 (base 15) in base 4?
1
-2 (base 8) to base 6
-2
What is -2 (base 5) in base 8?
-2
Convert -3 (base 12) to base 2.
-11
What is -18 (base 10) in base 8?
-22
b4 (base 12) to base 15
91
Convert -1 (base 9) to base 2.
-1
Convert 111001 (base 2) to base 6.
133
What is -4 (base 12) in base 6?
-4
What is 1b (base 13) in base 8?
30
Convert -15 (base 10) to base 13.
-12
Convert -5 (base 8) to base 3.
-12
1013 (base 5) to base 12
b1
Convert -123 (base 8) to base 2.
-1010011
What is 550 (base 7) in base 15?
13a
Convert 192 (base 13) to base 2.
100100000
-2 (base 7) to base 14
-2
What is -10 (base 6) in base 3?
-20
634 (base 7) to base 13
1b7
-2 (base 5) to base 15
-2
b (base 15) to base 3
102
-a (base 13) to base 16
-a
What is -16 (base 7) in base 11?
-12
-111 (base 4) to base 5
-41
What is 6 (base 7) in base 9?
6
4 (base 14) to base 15
4
What is -1310 (base 4) in base 12?
-98
Convert 21 (base 5) to base 6.
15
-302 (base 4) to base 7
-101
Convert -255 (base 6) to base 8.
-153
Convert -6e (base 15) to base 8.
-150
10 (base 9) to base 6
13
What is 67 (base 16) in base 13?
7c
What is cc (base 16) in base 5?
1304
22 (base 16) to base 9
37
1 (base 4) to base 3
1
Convert 0 (base 7) to base 11.
0
Convert -65 (base 7) to base 6.
-115
What is -1 (base 2) in base 15?
-1
0 (base 9) to base 7
0
41 (base 14) to base 16
39
344 (base 5) to base 10
99
What is 9 (base 12) in base 16?
9
What is a (base 13) in base 9?
11
10000110 (base 2) to base 15
8e
Convert -1 (base 5) to base 3.
-1
Convert 15 (base 10) to base 9.
16
Convert -54 (base 8) to base 13.
-35
What is -15 (base 15) in base 13?
-17
Convert 43 (base 5) to base 2.
10111
Convert b (base 14) to base 7.
14
Convert 7 (base 11) to base 10.
7
What is -1441 (base 5) in base 6?
-1050
-168 (base 9) to base 8
-217
Convert -11 (base 12) to base 9.
-14
Convert 5 (base 16) to base 13.
5
What is 233 (base 9) in base 4?
3000
Convert -1212 (base 3) to base 15.
-35
-3 (base 14) to base 4
-3
Convert 2 (base 14) to base 2.
10
Convert 1 (base 3) to base 12.
1
-10 (base 2) to base 16
-2
-111 (base 6) to base 14
-31
Convert 111001 (base 2) to base 10.
57
What is -1 (base 3) in base 7?
-1
What is -6 (base 14) in base 7?
-6
What is -13 (base 11) in base 12?
-12
What is -130 (base 4) in base 3?
-1001
1010110 (base 2) to base 5
321
What is -21001 (base 3) in base 10?
-190
-40 (base 6) to base 5
-44
Convert 112 (base 13) to base 2.
10111000
What is -377 (base 9) in base 4?
-10321
What is 112 (base 3) in base 11?
13
Convert -1 (base 4) to base 9.
-1
-10100 (base 2) to base 15
-15
Convert 1012 (base 3) to base 6.
52
What is 2001 (base 3) in base 5?
210
2 (base 8) to base 15
2
11010101 (base 2) to base 4
3111
Convert -101 (base 2) to base 6.
-5
-1 (base 14) to base 3
-1
Convert -14 (base 5) to base 8.
-11
What is -10 (base 3) in base 12?
-3
Convert 2 (base 12) to base 7.
2
What is 5c (base 13) in base 2?
1001101
Convert -21 (base 12) to base 9.
-27
Convert 122 (base 3) to base 2.
10001
Convert 0 (base 4) to base 8.
0
-56 (base 10) to base 16
-38
-17c (base 13) to base 8
-420
What is -48 (base 11) in base 8?
-64
-4 (base 7) to base 4
-10
-45 (base 13) to base 6
-133
-16 (base 12) to base 6
-30
-13 (base 6) to base 4
-21
What is -2 (base 12) in base 16?
-2
-9 (base 16) to base 14
-9
Convert -303 (base 5) to base 13.
-60
3b (base 12) to base 16
2f
What is 181 (base 11) in base 15?
e0
Convert 223 (base 8) to base 11.
124
1 (base 3) to base 15
1
What is 10110 (base 2) in base 11?
20
What is 10 (base 11) in base 15?
b
4e (base 16) to base 4
1032
-2 (base 12) to base 2
-10
What is -222 (base 3) in base 5?
-101
What is 200 (base 6) in base 15?
4c
Convert 4 (base 6) to base 10.
4
2 (base 8) to base 15
2
What is 1 (base 14) in base 6?
1
0 (base 9) to base 11
0
What is 1 (base 15) in base 13?
1
Convert 1220 (base 4) to base 6.
252
Convert -100001 (base 2) to base 5.
-113
Convert 112 (base 7) to base 14.
42
Convert 0 (base 5) to base 7.
0
Convert -12 (base 4) to base 3.
-20
-6 (base 7) to base 11
-6
Convert 11 (base 16) to base 13.
14
What is 56 (base 7) in base 16?
29
Convert -13 (base 7) to base 9.
-11
-a (base 12) to base 9
-11
What is -34 (base 13) in base 7?
-61
Convert 123 (base 11) to base 3.
12102
-9 (base 12) to base 13
-9
-1 (base 6) to base 14
-1
Convert f (base 16) to base 11.
14
Convert 26 (base 9) to base 10.
24
What is -2 (base 11) in base 8?
-2
What is -3 (base 14) in base 12?
-3
Convert -2 (base 3) to base 7.
-2
21 (base 3) to base 7
10
What is -6 (base 11) in base 4?
-12
What is -2 (base 9) in base 6?
-2
Convert 32 (base 4) to base 10.
14
Convert -442 (base 5) to base 16.
-7a
What is 68 (base 11) in base 9?
82
Convert 9a (base 13) to base 11.
106
39 (base 10) to base 12
33
-3 (base 5) to base 7
-3
-c (base 16) to base 8
-14
3 (base 7) to base 11
3
Convert 3 (base 9) to base 5.
3
What is 3 (base 13) in base 8?
3
What is -20 (base 5) in base 4?
-22
Convert 8 (base 13) to base 5.
13
Convert 3 (base 4) to base 3.
10
Convert 2 (base 4) to base 9.
2
-4 (base 10) to base 8
-4
-35 (base 14) to base 8
-57
What is 0 (base 13) in base 4?
0
What is -3 (base 5) in base 16?
-3
Convert 24 (base 6) to base 9.
17
Convert -101111 (base 2) to base 15.
-32
What is -7 (base 8) in base 16?
-7
Convert -10 (base 4) to base 9.
-4
What is -10030 (base 4) in base 16?
-10c
-1a (base 12) to base 15
-17
Convert -112 (base 3) to base 12.
-12
Convert -2 (base 9) to base 7.
-2
What is 3d (base 16) in base 6?
141
331 (base 5) to base 7
160
14 (base 5) to base 10
9
-3 (base 9) to base 4
-3
Convert -6 (base 15) to base 7.
-6
3 (base 15) to base 6
3
13 (base 10) to base 2
1101
What is -14 (base 11) in base 6?
-23
What is -6 (base 14) in base 13?
-6
Convert -7d (base 14) to base 16.
-6f
Convert 10 (base 3) to base 7.
3
What is 2000 (base 3) in base 13?
42
What is -7 (base 10) in base 7?
-10
What is -6b (base 13) in base 9?
-108
What is 8 (base 15) in base 14?
8
Convert 23 (base 10) to base 12.
1b
What is -62 (base 13) in base 7?
-143
14 (base 14) to base 12
16
What is 3b (base 12) in base 10?
47
-10 (base 4) to base 8
-4
129 (base 12) to base 2
10110001
What is d (base 14) in base 6?
21
What is 220 (base 5) in base 8?
74
46 (base 10) to base 6
114
-1 (base 11) to base 9
-1
Convert -66 (base 8) to base 6.
-130
-2 (base 10) to base 8
-2
2 (base 13) to base 15
2
What is -16 (base 9) in base 11?
-14
Convert 22 (base 7) to base 2.
10000
-13 (base 9) to base 13
-c
9 (base 15) to base 12
9
-151 (base 6) to base 10
-67
Convert -11 (base 4) to base 3.
-12
Convert -7 (base 12) to base 9.
-7
-1 (base 13) to base 6
-1
What is 19 (base 11) in base 5?
40
Convert -2 (base 7) to base 10.
-2
What is 2 (base 13) in base 16?
2
7 (base 13) to base 2
111
What is -ec (base 15) in base 11?
-192
-1211 (base 5) to base 4
-2311
What is -10103 (base 4) in base 3?
-101012
4 (base 10) to base 14
4
Convert 20 (base 3) to base 2.
110
What is 10 (base 3) in base 5?
3
Convert -1 (base 8) to base 15.
-1
Convert -4 (base 12) to base 2.
-100
Convert -145 (base 6) to base 16.
-41
Convert -2 (base 14) to base 15.
-2
1101100 (base 2) to base 3
11000
What is -81 (base 14) in base 8?
-161
What is -3 (base 7) in base 6?
-3
Convert -10102 (base 3) to base 12.
-78
What is 31 (base 14) in base 11?
3a
What is -5 (base 6) in base 10?
-5
What is -96 (base 14) in base 13?
-a2
What is -111011 (base 2) in base 15?
-3e
Convert 4 (base 10) to base 8.
4
-3 (base 9) to base 4
-3
4 (base 13) to base 4
10
Convert -19 (base 16) to base 14.
-1b
What is 10 (base 2) in base 16?
2
What is -110 (base 3) in base 14?
-c
Convert -1 (base 13) to base 3.
-1
What is -2 (base 8) in base 11?
-2
-100 (base 2) to base 6
-4
-6 (base 14) to base 6
-10
a0 (base 11) to base 3
11002
What is -131 (base 8) in base 4?
-1121
10 (base 14) to base 13
11
Convert 2 (base 10) to base 3.
2
-4 (base 8) to base 3
-11
Convert 11 (base 7) to base 12.
8
Convert -37 (base 12) to base 15.
-2d
What is 81 (base 13) in base 11?
96
Convert -3 (base 15) to base 7.
-3
What is -376 (base 8) in base 10?
-254
Convert 2 (base 7) to base 16.
2
8 (base 9) to base 5
13
Convert -4 (base 10) to base 12.